*h(f). Calculate b(-18).
48
Let w be 560/3640 - (1/(-3) - 605/39). Let n(t) = t**2 - 18*t + 33. Calculate n(w).
1
Let k(i) be the third derivative of i**6/120 + i**5/10 - 7*i**4/12 - 79*i**3/6 - 722*i**2 + 3. What is k(-6)?
5
Let m(c) = 12*c**2 - 54*c + 28. Let r(f) = -8*f**2 + 36*f - 19. Let j(g) = 5*m(g) + 7*r(g). Let v be j(5). Let y = -18 + v. Let x(k) = 17*k. Calculate x(y).
-17
Suppose -u + 41 = -y + 5, 0 = 3*y + 9. Let b(h) = -24 - 3*h - u + 56 + h**2. Give b(-3).
17
Let f(r) be the third derivative of r**6/24 + r**5/60 + r**4/12 + r**3/6 + 5*r**2. Suppose -20*c = 21*c - 31 + 72. Calculate f(c).
-5
Let p(w) = w**3 - 6*w**2 + 2*w - 1. Suppose 4*k - 5*c - 24 = 0, 2*k + 61*c = 65*c + 12. Give p(k).
11
Suppose 0 = -2*n + g + 3, 5*n = 4*g + g + 20. Let r(o) = -7*o**3 + 5*o**2 - o - 7. Let d(k) = k**2 - 1. Let m(b) = -6*d(b) + r(b). What is m(n)?
6
Let c(h) be the second derivative of -h**4/12 + h**3/2 - 4*h**2 - 31*h + 4. Give c(7).
-36
Let c(u) = 11*u - 106. Let j(w) = w**3 + 22*w**2 - 9*w + 332. Let t be j(-23). Determine c(t).
4
Let a = -2925 - -2926. Let t(w) = -6*w + w - 4*w + 3*w + 2. Determine t(a).
-4
Let u(t) = 2*t**2 - 56*t - 50. Let z be u(29). Let p(n) = -n - 6 + z + 2 - 2. Determine p(-4).
6
Let f(g) be the third derivative of 5*g**4/6 - 94*g**2 - 2. Let a(z) = -2*z**3 - 14*z**2 - z - 5. Let v be a(-7). What is f(v)?
40
Let z(r) = r**2 - 7*r. Let k(a) = a**3 + 21*a**2 - a - 43. Let q be k(-21). Let l(x) = x**2 + 15*x - 147. Let s be l(q). Determine z(s).
0
Let d(f) = -2*f - 10. Let g be d(-8). Let q(n) = -4 + 25 + n - 18 - 5 - 5. Give q(g).
-1
Let c(y) be the second derivative of -y**5/20 + y**4 - 6*y**3 - 2*y**2 + 1541*y. What is c(5)?
-9
Let g(c) = 145*c**3 + c**2 - 51*c**3 - 50*c**3 - 46*c**3 - 4 - 3*c. Give g(-2).
22
Suppose -39*g = -1 - 38. Let x(n) = 23*n - n**2 + g + 3*n**2 - 31*n. What is x(6)?
25
Suppose -30 - 30 = -6*d. Suppose 0 = -d*r - 126 + 6. Let y = r + 16. Let w(x) = -x + 9. Give w(y).
5
Let d(s) = -5*s**2 + 13*s - 22. Let k(q) = -4*q**2 + 12*q - 21. Let h(t) = -3*d(t) + 4*k(t). Let g be -6 - -10 - (1 - 8 - -3). Give h(g).
-10
Let u(p) be the second derivative of -p**4/3 + 7*p**3/6 - p**2/2 + 188*p. Let c(d) = 3*d**2 - 6*d + 1. Let o(k) = -7*c(k) - 6*u(k). Determine o(-2).
11
Let c(f) = -28 - 23 + 73 - 23. Let t(y) = -y. Let k(v) = c(v) - t(v). Let u = 14 + -7. What is k(u)?
6
Let g(l) = 4*l + 191. Let r(u) = u + 28. Let y(w) = -g(w) + 6*r(w). What is y(11)?
-1
Let l = -4605 - -4603. Let p(x) = -24*x - 40. Determine p(l).
8
Let c(l) = -43 - 5*l**2 - l**2 + 367*l + 6*l**2 + l**2 - 369*l. What is c(8)?
5
Let o(x) = x**3 + 5*x**2 - 5*x + 3. Suppose -4*p = -16, -7*p = -5*h - 8*p - 11. Let c be h - (-3 + (5 - -1)). Calculate o(c).
-3
Let f(z) = -z**2 - 8*z - 5. Let w = 43 - 30. Suppose -4*c + c - 4*g + 19 = 0, -2*c + 8 = -2*g. Suppose -53 = c*h - w. What is f(h)?
-5
Suppose 3*c - 15 = -2*u, -c - 2*u - 15 = -4*c. Let i(q) = 2*q + 4*q - c*q + 6. Suppose 4*y + 6 = -2*z, 0 = -4*y - z - 6 - 3. Give i(y).
3
Suppose 8*s - 1381 = -45. Let i = -172 + s. Let q(w) = -w - 1. What is q(i)?
4
Let c = 27 + -11. Suppose 35*p + c = 37*p. Suppose 0 = 2*l + 8, -3*m - 4*l - 2 - p = 0. Let n(t) = -t**3 + 3*t - 3. Give n(m).
-5
Let k be 24*(-2 + -5 + (-85)/(-10)). Let a(n) = 2*n - 9 + k - 12 - 9. Give a(-5).
-4
Let a = 567 + -555. Let f(j) = a*j**2 - 52*j**2 + 1 + 39*j**2. What is f(0)?
1
Suppose 5*u - 44 = -2*z, -5*z + 5*u + 8 = -32. Suppose 2*x - l = 18, -2*x - 2*l + z + 6 = 0. Suppose 2*a + x = 3. Let j(f) = f**2 + f - 3. Give j(a).
3
Let b(p) be the first derivative of p**5/60 - 5*p**4/24 - 5*p**3/3 - 1. Let i(k) be the third derivative of b(k). Calculate i(4).
3
Let k(i) = -7512*i - 27 - 32 + 59 + 7508*i. Let t(j) = 2*j**3 - 3*j**2 + j - 1. Let m be t(2). What is k(m)?
-20
Let a(c) = 2*c**2 - 9*c + 10. Let m be 1056/177 - 44/(-1298). Determine a(m).
28
Let q be (2/(-1))/(((-30)/(-264))/(-5)). Let a(l) = -84*l - q*l + 171*l + 13. What is a(15)?
-2
Let i = 8055 + -32219/4. Let o(a) be the first derivative of 9/2*a**2 + 7/3*a**3 - i*a**4 - 12*a - 28. Give o(8).
-4
Let y(f) = 21*f - 51183731 - f**2 + 51183731. Calculate y(21).
0
Suppose -a = t - 1, 15 = -2*a - 3*a. Let u(f) = -t*f + f**2 - f - 10 + 11. Let k be (80/(-60))/((-4)/18). Determine u(k).
7
Let w(u) be the first derivative of 3*u**2/2 - 19*u - 23. Let y be w(7). Let a(k) = -y - 3 + 2 - 2*k + 4. Determine a(2).
-3
Let f be 15/(8*(-33)/88). Let g(y) = y**3 + 6*y**2 + 4*y + 9. Calculate g(f).
14
Suppose 11 = 3*l + 5*y, 0 = -4*l + 3*y - 4*y + 26. Let m(a) = -a + 6 - 3 - 11 + l. Let b = 0 + 7. Give m(b).
-8
Let q(c) = -6*c**2 - 57*c + 149. Let p(v) = 2*v**2 + 18*v - 51. Let n(o) = -17*p(o) - 6*q(o). Calculate n(-21).
99
Suppose -14*h + 59 + 11 = 0. Let v(x) = -5*x**2 - x**3 - h*x + 7*x - 2 - 3*x. What is v(-5)?
3
Let t be (72 + -75)/(((-6)/5)/(-2)). Let s(n) = -11*n**2 + 27*n - 3. Let l(y) = -4*y**2 + 9*y - 1. Let b(a) = -17*l(a) + 6*s(a). What is b(t)?
4
Let q(v) = -1 + 6*v - 56*v + 48*v - 7. Suppose -2*u - 3 = -3*u. Let b be (u + 1)*(-14)/8. Give q(b).
6
Let k(c) = -c**2 + 2*c + 4. Let q(d) = 7*d**2 - 13*d. Let z be q(2). Suppose 17 = 5*f + 4*r - 5, -z*f + 4 = 4*r. What is k(f)?
-20
Suppose 4*r = 6 - 30. Let o be (r - 0)*2/(-4) - -20. Let l = -22 + o. Let f(v) = v**2 - 2*v + 1. Determine f(l).
0
Let p = -5285 - -5289. Let v(u) be the first derivative of -3/2*u**2 + 3*u - 5/3*u**3 + 30 - 1/4*u**p. Give v(-4).
-1
Let p(x) = -5*x - 3*x - 5*x + 4*x + 7*x. Let b(g) = g**2 + 9*g - 4. Let r(n) = 10*n + 1. Let z be r(-1). Let s be b(z). Give p(s).
8
Let y(k) be the second derivative of 1/12*k**4 + 3*k**2 + 73*k - k**3 + 0. What is y(4)?
-2
Let s(v) = -v + 7. Let b(h) = -1. Let i(w) = -4*b(w) - s(w). Let c = -220 + -113. Let f = 339 + c. Give i(f).
3
Let m(n) = 4*n**2 + n - 2. Let l(z) = -z**2 - z. Suppose 0 = -4*w - 2 + 26. Suppose 0 = w*q - q + 5. Let c(k) = q*m(k) - 3*l(k). Determine c(4).
-6
Let a(z) be the second derivative of z**3/6 + 12*z**2 + 3*z. Suppose -3*n - 1268 = -4*d, -9*n - 2*d - 406 = -8*n. Let j = n + 416. Give a(j).
24
Let g(t) be the third derivative of 7*t**5/60 + t**4/12 + t**3/6 - 610*t**2. Determine g(-1).
6
Let h(o) = 2*o**2 - 22*o - 3. Let n(s) = s + 4. Let y be n(7). Let b be h(y). Let w(x) = -8*x + 3. Let t(v) = -20*v + 8. Let i(c) = 5*t(c) - 12*w(c). Give i(b).
16
Let n = -9436 + 9429. Let v(b) = 2*b**3 + 11*b**2 - 21*b + 7. What is v(n)?
7
Let w(o) = -17*o + 1. Let h = -6537 - -6533. What is w(h)?
69
Let z(f) = -110*f**2 + 42*f - 4. Let d(u) = 87*u**2 - 33*u + 3. Let l(j) = -14*d(j) - 11*z(j). Give l(3).
-70
Let c(v) = -8*v**2 - v + 4. Let q(s) = 4*s**3 + 157*s - 157. Let x be q(1). What is c(x)?
-128
Let v = 4261 + -4264. Let y(p) = 18*p + 3. Determine y(v).
-51
Let l(i) be the third derivative of -i**9/60480 + i**7/5040 - i**6/720 + i**5/30 - 13*i**4/8 + 10*i**2 - 3. Let w(s) be the third derivative of l(s). Give w(0).
-1
Let g be 9 + (2 + -7 - (-1 - 1)). Suppose g*x - 54 + 24 = 0. Let f(c) = -c**3 + 4*c**2 + 5*c - 2. Calculate f(x).
-2
Let l(a) = -a**3 - 26*a**2 - 9*a - 149. Let o be l(-26). Suppose 0 = 3*q - o + 64. Let p(t) = t - 9. What is p(q)?
-2
Let s(w) be the first derivative of -w**3/3 - 2*w**2 + 10*w + 2353. Let k(a) = a**3 + 3*a**2 - 3*a - 5. Let z be k(-4). Calculate s(z).
-35
Let r = -42 - -51. Let j(s) = -s**3 + 9*s**2 + s - 11. Let o be j(r). Let b(u) = -22 - 4*u**3 + 10 + 3*u**3 - u**2 + 11 - u. Calculate b(o).
5
Suppose -15*u + 47 = -8*r - 14*u, -19 = 4*r - 5*u. Let p(f) be the third derivative of -f**4/12 - 3*f**3/2 + 13*f**2. Calculate p(r).
3
Let d(i) be the third derivative of 0 + 0*i - 1/60*i**5 - 1/6*i**3 - 2*i**2 + 1/3*i**4. Suppose 861*k - 19 = 869*k - 83. Give d(k).
-1
Let f(v) be the first derivative of -4*v**2 - 66*v - 7896. Determine f(-10).
14
Let z(c) = -6*c - 92. Let f(k) = -k - 17. Let l(i) = 26*f(i) - 5*z(i). Calculate l(-10).
-22
Let s(h) = h - 1 - 80*h**2 + 81*h**2 - 3*h. Let d(r) = -4*r**2 + 20*r + 4. Let g(m) = -d(m) - 5*s(m). What is g(-8)?
17
Suppose -l - x - x - 5 = 0, 3*l = -3*x - 3. Suppose -l = -o - 1. Let f be (10/(-6))/(o/(-6)). Let t(j) = -j**3 + 5*j**2 - 4*j + 7. What is t(f)?
-13
Let c(v) be the third derivative of -v**6/120 + 13*v**5/30 + v**4 + 35*v**3/6 - 5*v**2 - 8*v - 45. Determine c(27).
-46
Let l(